 t(z) = 3*z - 8. Let u be t(20). Suppose g + u = 2*g. Let y = g - 45. List the prime factors of y.
7
Suppose 2*b - 188 + 22 = 0. Suppose 0 = -3*a - 57 - 84. Let k = a + b. What are the prime factors of k?
2, 3
Suppose -2*p + 8 = 0, -2*q + 4*p = -q - 9. Let c = -15 + q. Suppose 0 = 2*d - 162 - c. What are the prime factors of d?
2, 43
Let c(o) = -2*o**3 - 10*o**2 - 7*o + 26. Let j(n) = 4*n**3 + 21*n**2 + 14*n - 50. Let v(x) = -7*c(x) - 4*j(x). What are the prime factors of v(-8)?
2, 101
Let i(p) = -432*p + 1234. List the prime factors of i(-25).
2, 11, 547
Suppose p = -5*a + 3*a + 17534, 0 = -p - 4. What are the prime factors of a?
3, 37, 79
Let c(b) = -168*b - 113 - 141*b + 8 - 273*b. What are the prime factors of c(-2)?
3, 353
Let x(s) = -s**3 + 6*s**2 - 10*s + 8. Let h be x(6). Suppose 0 = 7*j + 3*u - 496 + 5, 2*u = j - 75. Let v = h + j. List the prime factors of v.
19
Let n(o) = 6*o - 75. Let x be n(11). List the prime factors of (20031/(-55))/(x/15).
607
Let v = 1724 + -1250. List the prime factors of v.
2, 3, 79
Let w be (-1 + -4)*21/(-35). Suppose -4*b = -d - 2596, -5*b + w*b = -2*d - 1292. List the prime factors of b.
2, 5, 13
Let x = 739 + 152. List the prime factors of x.
3, 11
Let i = -16187 + 27479. List the prime factors of i.
2, 3, 941
Let n(s) = s**3 - 4*s**2 + 2*s - 8. Let w be n(8). Suppose 0*p - w = -6*p. Let x = p + -36. List the prime factors of x.
2
Let t be 6/4*(-759 + 5)*-1. Suppose -3*j + 46*h - 49*h = -t, 5*j + 3*h - 1883 = 0. List the prime factors of j.
2, 47
List the prime factors of -34*(-9)/4*22454/327.
3, 17, 103
Let q = 4 + 1. Let v(g) be the third derivative of g**6/120 - g**5/15 + 5*g**3/6 - 11*g**2. List the prime factors of v(q).
2, 3, 5
Suppose 0 = 5*i + l - 26, 4*i - 5*l = -10*l + 25. Suppose -27 = -i*k - 7. Suppose -k*h + 671 + 25 = 0. List the prime factors of h.
2, 3, 29
Suppose 12*a - 75330 - 32862 = 0. List the prime factors of a.
2, 7, 23
Suppose 5*p = -3*a + 73 + 750, 2*p - 350 = 4*a. Suppose 4*m = p + 49. Suppose 49*o + 160 = m*o. List the prime factors of o.
2
Let a = -4302 - -2244. Let x = -1283 - a. List the prime factors of x.
5, 31
Suppose 7*m = 13*m - 30. Suppose -d + 76 = -3*j, -7 = m*d - 27. List the prime factors of (-1)/(-8) + (-2493)/j.
2, 13
List the prime factors of (-1 + (-248106)/4)*12/(-30).
43, 577
Let k(d) = 7617*d**2 - 13*d. What are the prime factors of k(-1)?
2, 5, 7, 109
List the prime factors of -8 + 83110/(-60)*-18.
5, 997
Let u(y) = -2*y**3 + 16*y**2 - 14*y + 2. Let f be u(7). Suppose 3*z - 2*k - 106 = z, -f*k + 300 = 5*z. What are the prime factors of z?
2, 29
Suppose -2*a - 5*r = 72, r - 4*r = -3*a - 66. List the prime factors of a*((-22 - -8) + 2/(-4)).
13, 29
Let o(q) = 39*q**2 - 115*q + 2. List the prime factors of o(-5).
2, 97
Suppose -7*d - 15032 = 4*w - 87308, 2*w = -d + 10328. List the prime factors of d.
2, 29, 89
Let c = -430 + 226. Let v = c - -354. What are the prime factors of v?
2, 3, 5
Let c(s) = -3*s**3 + 26*s**2 - 29*s + 5. Let a(b) = -4*b**3 + 27*b**2 - 29*b + 3. Let x(w) = -2*a(w) + 3*c(w). What are the prime factors of x(22)?
3, 113
Let m(t) = 61*t**2 + 11*t - 288. What are the prime factors of m(21)?
2, 3, 2237
Suppose 3*v = 5*b - 0*b - 1, 6 = 4*v - 3*b. Let o(d) = 7*d**3 - 3*d**2 + 9*d - 10. What are the prime factors of o(v)?
179
Let i(g) = 687*g**3 - 3*g**2 - 18*g + 34. List the prime factors of i(2).
2, 2741
Let h be 4 + (-5)/((-30)/7758). Let b = -733 + h. What are the prime factors of b?
2, 3, 47
Suppose 712 = -15*w + 3997. Suppose 2*a = -w + 1381. What are the prime factors of a?
7, 83
Let l = -33842 + 68325. What are the prime factors of l?
34483
Let s(b) = -17*b**3 - 14*b**2 + 40*b + 254. What are the prime factors of s(-11)?
20747
Let v be (-33)/(-231) + (-4002)/(-14). Let q = v - -49. List the prime factors of q.
5, 67
What are the prime factors of (54/12 - 9)*((-42280)/4)/5?
3, 7, 151
Let o = -12747 + 20468. What are the prime factors of o?
7, 1103
Suppose -2*w + 3*w - 83 = 0. Let k(p) = 23*p + 90. Let f be k(-7). Let j = f + w. What are the prime factors of j?
2, 3
List the prime factors of (320/16 - -24362) + -7.
3, 5, 13
Suppose 18*n = -315 + 2529. Suppose -n*t = -141*t + 12942. List the prime factors of t.
719
Let v(x) = -x**2 - x + 50. Let i be v(29). Let a = i - -1245. What are the prime factors of a?
5, 17
Let t(p) = 85*p**2 + 3*p - 1. Let d be t(2). Let h = -96 + d. What are the prime factors of h?
3, 83
Suppose 2*x - 19 = 3*z, 0 = 3*x - 6*z + 11*z - 76. What are the prime factors of (2*x)/(-10*(-8)/1840)?
2, 17, 23
Let a(v) = -v**3 + 13*v**2 - 8*v + 5. Let c be a(11). Suppose c = -149*f + 150*f. List the prime factors of f.
3, 53
Let n be 10 + -6 - (-3 - -3). Suppose 0 = -3*k - n*d + 18, -2*d - 49 = -3*k - 13. Let j(p) = -p**3 + 11*p**2 - 2*p - 12. List the prime factors of j(k).
2, 17
Let a(n) = -325*n + 76. Let p be a(-9). Let z = p + -1873. What are the prime factors of z?
2, 3, 47
Let b = 38555 + -23197. List the prime factors of b.
2, 7, 1097
Suppose 29*j + 3 = 26*j. Let i(x) = -231*x + 3. List the prime factors of i(j).
2, 3, 13
Let w(r) = -47*r - 19. Let p be w(9). Let b = 106 + p. What are the prime factors of (24/(-32))/(2/b)?
2, 3, 7
Let s(r) = -2*r**2 + r + 23. Let v(k) = -2*k**2 + 22. Suppose -n - 37 = n + 5*b, n + 3*b = -21. Let f(j) = n*v(j) + 5*s(j). List the prime factors of f(-7).
2, 23
Let s(v) = -15*v - 22. Let l be -5*1 + (-4)/(-1 - -5). Let x be s(l). Suppose -x = -2*k + 102. List the prime factors of k.
5, 17
Suppose 5*n - 10 = -5*f, 3*f - 5 = 5*f + 5*n. Suppose 2*p - 732 = -4*s + 3*s, -f*s = -10. List the prime factors of p.
5, 73
Let u(d) = -d + 2601. List the prime factors of u(-53).
2, 1327
Let l = 186 - 164. Suppose 2*t - 352 = -l. What are the prime factors of t?
3, 5, 11
Let f = -35 + 36. Let q be f/4 + (-275)/(-100). Suppose 176 = q*i - v - 119, -v - 101 = -i. List the prime factors of i.
97
Suppose -3*b + 2*h + 17658 = 0, 3*b - 17622 = 3*h + 11*h. What are the prime factors of b?
2, 23
Suppose 0 = -0*l + l. Suppose -20 = 51*s - 46*s, 0 = 4*z + 2*s. What are the prime factors of (l - 13)/(z - 1 - 2)?
13
Suppose -31402 = 34*y - 750672. List the prime factors of y.
5, 4231
Let r(v) = -24*v**2 - v - 38. Let m(x) = 23*x**2 + 2*x + 39. Let p(c) = 4*m(c) + 3*r(c). What are the prime factors of p(-6)?
2, 3, 61
Let k(z) = 15*z + 26. Let c = -261 - -286. What are the prime factors of k(c)?
401
Suppose -13*q = -389 - 547. Let h = q - 64. Suppose 448 = 2*b - 5*n, -h*b - 695 = -11*b - 4*n. What are the prime factors of b?
229
Let j = 8 - 39. Let t(r) = -16*r - 176. What are the prime factors of t(j)?
2, 5
Let i = -2692 + 6371. What are the prime factors of i?
13, 283
Let t = 34 + -32. Let c be (t - 2 - -1) + 377. Suppose 3*k + c = 5*k. What are the prime factors of k?
3, 7
Suppose -14954 - 7042 = -36*h. Let a = h + -96. List the prime factors of a.
5, 103
Let r = 27 + -23. Suppose 5*l + 4 = 14. Suppose 2*x = -l*b + 102, -b - 95 = -2*x + r*b. List the prime factors of x.
2, 5
What are the prime factors of 373625/28 - 13/(-52)?
2, 3, 139
List the prime factors of 8/(-100) - 529218/(-225).
2, 3, 7
Let r(s) = 2*s**3 - 14*s**2 + 2. Let t be r(7). Suppose -12*n = -8*n + 4*u - 5020, -t*u - 6296 = -5*n. List the prime factors of n.
2, 17, 37
Let f(o) = -11*o - 6 + 32*o - 9*o - 11*o + o**2. Let k be f(4). Suppose k*h = 9*h + 250. List the prime factors of h.
2, 5
Suppose -p = -3*t - 377, 4*t + 74 + 414 = 5*p. Let o = 372 - 89. Let f = o + t. What are the prime factors of f?
2, 3, 13
Suppose 0 = -8*b + 232 + 296. Suppose b*u = 64*u + 1556. List the prime factors of u.
2, 389
Suppose 38 = g - b, -b - b - 196 = -5*g. Let y be (-393)/30*-2 + (-8)/g. List the prime factors of 2660/52 + (-4)/y.
3, 17
Suppose -6 = 6*q - 18. Suppose -47 = -q*k + 1. List the prime factors of k.
2, 3
Suppose 0 = 4*c - 2*h + 3*h - 3, 5 = 5*c + h. Suppose c*p - 6*p + 52 = 0. Suppose -720 = -p*z + 7*z. List the prime factors of z.
2, 3, 5
Let v(p) = -p**2 + 46*p - 38. Let j be v(34). List the prime factors of (-172)/(-301) + j/14.
3
Let c(u) = -84 + 18*u - 7*u - 27*u. List the prime factors of c(-15).
2, 3, 13
What are the prime factors of ((-388850)/(-308))/((-1)/(-10))?
5, 101
Suppose -l + 2*n + 9957 = 0, -5*n = 4*l - 26076 - 13804. List the pri